 when 255 is divided by 24.
15
What is the remainder when 324 is divided by 74?
28
Calculate the remainder when 166 is divided by 42.
40
Calculate the remainder when 2569 is divided by 162.
139
What is the remainder when 197 is divided by 69?
59
Calculate the remainder when 33 is divided by 19.
14
What is the remainder when 1064 is divided by 79?
37
What is the remainder when 718 is divided by 40?
38
What is the remainder when 456 is divided by 28?
8
Calculate the remainder when 278 is divided by 48.
38
What is the remainder when 454 is divided by 35?
34
What is the remainder when 4534 is divided by 8?
6
Calculate the remainder when 1134 is divided by 31.
18
Calculate the remainder when 9169 is divided by 38.
11
Calculate the remainder when 485 is divided by 164.
157
What is the remainder when 1830 is divided by 167?
160
What is the remainder when 1642 is divided by 232?
18
Calculate the remainder when 304 is divided by 20.
4
Calculate the remainder when 226 is divided by 42.
16
Calculate the remainder when 236 is divided by 33.
5
Calculate the remainder when 221 is divided by 57.
50
Calculate the remainder when 979 is divided by 40.
19
What is the remainder when 77 is divided by 30?
17
Calculate the remainder when 5 is divided by 2.
1
Calculate the remainder when 159 is divided by 21.
12
Calculate the remainder when 1017 is divided by 16.
9
Calculate the remainder when 254 is divided by 8.
6
What is the remainder when 169 is divided by 52?
13
What is the remainder when 984 is divided by 110?
104
What is the remainder when 215 is divided by 96?
23
What is the remainder when 5452 is divided by 5?
2
Calculate the remainder when 117 is divided by 37.
6
Calculate the remainder when 391 is divided by 40.
31
What is the remainder when 483 is divided by 49?
42
Calculate the remainder when 116 is divided by 17.
14
What is the remainder when 319 is divided by 100?
19
What is the remainder when 31255 is divided by 23?
21
Calculate the remainder when 48 is divided by 13.
9
What is the remainder when 150 is divided by 137?
13
Calculate the remainder when 216 is divided by 3.
0
Calculate the remainder when 541 is divided by 14.
9
Calculate the remainder when 505 is divided by 114.
49
Calculate the remainder when 126 is divided by 32.
30
Calculate the remainder when 3348 is divided by 300.
48
Calculate the remainder when 3550 is divided by 96.
94
What is the remainder when 1175 is divided by 36?
23
What is the remainder when 318 is divided by 40?
38
Calculate the remainder when 4 is divided by 1.
0
Calculate the remainder when 792 is divided by 253.
33
What is the remainder when 78 is divided by 21?
15
Calculate the remainder when 119 is divided by 41.
37
What is the remainder when 539 is divided by 76?
7
Calculate the remainder when 417 is divided by 76.
37
Calculate the remainder when 833 is divided by 84.
77
Calculate the remainder when 322 is divided by 287.
35
What is the remainder when 114 is divided by 29?
27
Calculate the remainder when 15157 is divided by 163.
161
What is the remainder when 81 is divided by 42?
39
Calculate the remainder when 223 is divided by 51.
19
What is the remainder when 1047 is divided by 216?
183
What is the remainder when 3115 is divided by 1038?
1
Calculate the remainder when 1511 is divided by 10.
1
Calculate the remainder when 4255 is divided by 43.
41
What is the remainder when 480 is divided by 38?
24
What is the remainder when 839 is divided by 162?
29
Calculate the remainder when 51 is divided by 28.
23
Calculate the remainder when 313 is divided by 75.
13
Calculate the remainder when 12285 is divided by 24.
21
Calculate the remainder when 598 is divided by 589.
9
What is the remainder when 12807 is divided by 183?
180
Calculate the remainder when 219 is divided by 17.
15
Calculate the remainder when 59 is divided by 13.
7
What is the remainder when 1081 is divided by 57?
55
What is the remainder when 1695 is divided by 560?
15
Calculate the remainder when 3747 is divided by 121.
117
What is the remainder when 40 is divided by 6?
4
What is the remainder when 84 is divided by 5?
4
Calculate the remainder when 164 is divided by 27.
2
What is the remainder when 180 is divided by 55?
15
What is the remainder when 351 is divided by 66?
21
Calculate the remainder when 370 is divided by 116.
22
Calculate the remainder when 2679 is divided by 134.
133
Calculate the remainder when 522 is divided by 21.
18
What is the remainder when 2680 is divided by 6?
4
What is the remainder when 273 is divided by 3?
0
What is the remainder when 659 is divided by 55?
54
Calculate the remainder when 359 is divided by 83.
27
Calculate the remainder when 484 is divided by 218.
48
What is the remainder when 334 is divided by 21?
19
Calculate the remainder when 54 is divided by 9.
0
Calculate the remainder when 24298 is divided by 12.
10
Calculate the remainder when 2816 is divided by 47.
43
What is the remainder when 965 is divided by 321?
2
Calculate the remainder when 340 is divided by 90.
70
Calculate the remainder when 205 is divided by 68.
1
Calculate the remainder when 206 is divided by 12.
2
What is the remainder when 338 is divided by 10?
8
Calculate the remainder when 457 is divided by 66.
61
Calculate the remainder when 79 is divided by 31.
17
What is the remainder when 117 is divided by 36?
9
What is the remainder when 40 is divided by 16?
8
Calculate the remainder when 467 is divided by 7.
5
What is the remainder when 357 is divided by 30?
27
Calculate the remainder when 66 is divided by 55.
11
What is the remainder when 278 is divided by 68?
6
Calculate the remainder when 3394 is divided by 46.
36
Calculate the remainder when 869 is divided by 10.
9
Calculate the remainder when 2572 is divided by 103.
100
Calculate the remainder when 99 is divided by 15.
9
Calculate the remainder when 15 is divided by 14.
1
What is the remainder when 2409 is divided by 96?
9
Calculate the remainder when 10807 is divided by 23.
20
Calculate the remainder when 317 is divided by 5.
2
What is the remainder when 4132 is divided by 459?
1
Calculate the remainder when 503 is divided by 72.
71
Calculate the remainder when 158 is divided by 7.
4
What is the remainder when 3117 is divided by 156?
153
What is the remainder when 301 is divided by 145?
11
Calculate the remainder when 393 is divided by 127.
12
What is the remainder when 26 is divided by 9?
8
Calculate the remainder when 471 is divided by 143.
42
What is the remainder when 297 is divided by 41?
10
Calculate the remainder when 301 is divided by 21.
7
What is the remainder when 5615 is divided by 8?
7
What is the remainder when 146 is divided by 30?
26
What is the remainder when 1117 is divided by 345?
82
What is the remainder when 7613 is divided by 64?
61
Calculate the remainder when 191 is divided by 24.
23
Calculate the remainder when 701 is divided by 16.
13
Calculate the remainder when 1574 is divided by 257.
32
Calculate the remainder when 11020 is divided by 107.
106
What is the remainder when 587 is divided by 62?
29
Calculate the remainder when 152 is divided by 13.
9
Calculate the remainder when 140 is divided by 57.
26
Calculate the remainder when 126 is divided by 8.
6
What is the remainder when 731 is divided by 67?
61
What is the remainder when 62 is divided by 27?
8
Calculate the remainder when 89 is divided by 46.
43
Calculate the remainder when 1307 is divided by 93.
5
Calculate the remainder when 60 is divided by 17.
9
Calculate the remainder when 159 is divided by 18.
15
What is the remainder when 238 is divided by 86?
66
Calculate the remainder when 1271 is divided by 13.
10
What is the remainder when 2025 is divided by 26?
23
What is the remainder when 2953 is divided by 2949?
4
Calculate the remainder when 485 is divided by 34.
9
What is the remainder when 509 is divided by 12?
5
Calculate the remainder when 866 is divided by 51.
50
What is the remainder when 646 is divided by 73?
62
Calculate the remainder when 778 is divided by 12.
10
Calculate the remainder when 657 is divided by 15.
12
Calculate the remainder when 278 is divided by 164.
114
What is the remainder when 440 is divided by 95?
60
What is the remainder when 606 is divided by 205?
196
Calculate the remaind